{"id":1809,"date":"2026-02-21T01:04:19","date_gmt":"2026-02-21T00:04:19","guid":{"rendered":"https:\/\/gulfofdream.pl\/?page_id=1809"},"modified":"2026-03-04T20:30:52","modified_gmt":"2026-03-04T19:30:52","slug":"pomoc","status":"publish","type":"page","link":"http:\/\/gulfofdream.pl\/?page_id=1809","title":{"rendered":"Pomoc"},"content":{"rendered":"[vc_row type=&#8221;full_width_background&#8221; full_screen_row_position=&#8221;middle&#8221; column_margin=&#8221;default&#8221; equal_height=&#8221;yes&#8221; column_direction=&#8221;default&#8221; column_direction_tablet=&#8221;default&#8221; column_direction_phone=&#8221;default&#8221; scene_position=&#8221;center&#8221; top_padding=&#8221;7&#8243; bottom_padding=&#8221;14&#8243; left_padding_desktop=&#8221;450&#8243; constrain_group_2=&#8221;yes&#8221; right_padding_desktop=&#8221;450&#8243; left_padding_tablet=&#8221;0&#8243; right_padding_tablet=&#8221;0&#8243; left_padding_phone=&#8221;0&#8243; constrain_group_6=&#8221;yes&#8221; right_padding_phone=&#8221;0&#8243; constrain_group_8=&#8221;yes&#8221; top_margin_phone=&#8221;4&#8243; text_color=&#8221;dark&#8221; text_align=&#8221;center&#8221; row_border_radius=&#8221;none&#8221; row_border_radius_applies=&#8221;bg&#8221; overflow=&#8221;visible&#8221; class=&#8221;gofd-footer-menu&#8221; enable_gradient=&#8221;true&#8221; color_overlay=&#8221;#ffffff&#8221; color_overlay_2=&#8221;#5362d6&#8243; overlay_strength=&#8221;0.3&#8243; gradient_direction=&#8221;top_to_bottom&#8221; enable_shape_divider=&#8221;true&#8221; shape_divider_color=&#8221;#5362d6&#8243; shape_divider_position=&#8221;bottom&#8221; bg_image_animation=&#8221;fade-in&#8221; gradient_type=&#8221;default&#8221; shape_type=&#8221;curve_opacity&#8221;][vc_column column_padding=&#8221;no-extra-padding&#8221; column_padding_tablet=&#8221;inherit&#8221; column_padding_phone=&#8221;inherit&#8221; column_padding_position=&#8221;all&#8221; column_element_direction_desktop=&#8221;horizontal&#8221; column_element_direction_tablet=&#8221;horizontal&#8221; column_element_direction_phone=&#8221;horizontal&#8221; column_element_alignment=&#8221;flex-start&#8221; column_element_spacing=&#8221;10px&#8221; centered_text=&#8221;true&#8221; desktop_text_alignment=&#8221;default&#8221; tablet_text_alignment=&#8221;default&#8221; phone_text_alignment=&#8221;center&#8221; background_color_opacity=&#8221;1&#8243; background_color_hover=&#8221;#5362d6&#8243; background_hover_color_opacity=&#8221;0.5&#8243; column_backdrop_filter=&#8221;none&#8221; column_shadow=&#8221;none&#8221; column_border_radius=&#8221;15px&#8221; column_link_target=&#8221;_self&#8221; max_width_desktop=&#8221;200&#8243; column_position=&#8221;default&#8221; max_width_phone=&#8221;60&#8243; color_overlay=&#8221;#5362d6&#8243; gradient_direction=&#8221;left_to_right&#8221; overlay_strength=&#8221;0.3&#8243; width=&#8221;1\/5&#8243; tablet_width_inherit=&#8221;default&#8221; animation_type=&#8221;default&#8221; bg_image_animation=&#8221;none&#8221; border_type=&#8221;simple&#8221; column_border_width=&#8221;none&#8221; column_border_style=&#8221;solid&#8221; column_padding_type=&#8221;default&#8221; gradient_type=&#8221;default&#8221; column_link=&#8221;\/?page_id=1809&#8243;][vc_raw_html css=&#8221;.vc_custom_1772038060543{background-position: 0 0 !important;background-repeat: repeat !important;}&#8221;]JTNDYSUyMGNsYXNzJTNEJTIyZmxleCUyMGl0ZW1zLWNlbnRlciUyMHB4LTIlMjBtZCUzQXB4LTglMjBjdXJzb3ItcG9pbnRlciUyMHB5LTMlMjBzbSUzQXB5LTQlMjB0ZXh0LXhzJTIwbWQlM0F0ZXh0LXNtJTIwdHJhbnNpdGlvbi1jb2xvcnMlMjByb3VuZGVkLWxnJTIwJTIwaG92ZXIlM0F0ZXh0LWdyYXktOTAwJTIyJTIwaHJlZiUzRCUyMiUyRiUzRnBhZ2VfaWQlM0QxODA5JTIyJTNFJTNDc3ZnJTIweG1sbnMlM0QlMjJodHRwJTNBJTJGJTJGd3d3LnczLm9yZyUyRjIwMDAlMkZzdmclMjIlMjB3aWR0aCUzRCUyMjI0JTIyJTIwaGVpZ2h0JTNEJTIyMjQlMjIlMjB2aWV3Qm94JTNEJTIyMCUyMDAlMjAyNCUyMDI0JTIyJTIwZmlsbCUzRCUyMm5vbmUlMjIlMjBzdHJva2UlM0QlMjJjdXJyZW50Q29sb3IlMjIlMjBzdHJva2Utd2lkdGglM0QlMjIyJTIyJTIwc3Ryb2tlLWxpbmVjYXAlM0QlMjJyb3VuZCUyMiUyMHN0cm9rZS1saW5lam9pbiUzRCUyMnJvdW5kJTIyJTIwY2xhc3MlM0QlMjJsdWNpZGUlMjBsdWNpZGUtY2lyY2xlLXF1ZXN0aW9uLW1hcmslMjB0ZXh0LWJsYWNrJTIwdy00JTIwaC00JTIwbXItMiUyMiUyMGFyaWEtaGlkZGVuJTNEJTIydHJ1ZSUyMiUzRSUzQ2NpcmNsZSUyMGN4JTNEJTIyMTIlMjIlMjBjeSUzRCUyMjEyJTIyJTIwciUzRCUyMjEwJTIyJTNFJTNDJTJGY2lyY2xlJTNFJTNDcGF0aCUyMGQlM0QlMjJNOS4wOSUyMDlhMyUyMDMlMjAwJTIwMCUyMDElMjA1LjgzJTIwMWMwJTIwMi0zJTIwMy0zJTIwMyUyMiUzRSUzQyUyRnBhdGglM0UlM0NwYXRoJTIwZCUzRCUyMk0xMiUyMDE3aC4wMSUyMiUzRSUzQyUyRnBhdGglM0UlM0MlMkZzdmclM0UlMjBGQVElM0MlMkZhJTNF[\/vc_raw_html][\/vc_column][vc_column column_padding=&#8221;no-extra-padding&#8221; column_padding_tablet=&#8221;inherit&#8221; column_padding_phone=&#8221;inherit&#8221; column_padding_position=&#8221;top&#8221; left_margin_phone=&#8221;10&#8243; column_element_direction_desktop=&#8221;horizontal&#8221; column_element_direction_tablet=&#8221;horizontal&#8221; column_element_direction_phone=&#8221;horizontal&#8221; column_element_alignment=&#8221;flex-start&#8221; column_element_spacing=&#8221;10px&#8221; centered_text=&#8221;true&#8221; desktop_text_alignment=&#8221;center&#8221; tablet_text_alignment=&#8221;center&#8221; phone_text_alignment=&#8221;center&#8221; background_color_opacity=&#8221;1&#8243; background_color_hover=&#8221;#5362d6&#8243; background_hover_color_opacity=&#8221;0.5&#8243; column_backdrop_filter=&#8221;none&#8221; column_shadow=&#8221;none&#8221; column_border_radius=&#8221;15px&#8221; column_link_target=&#8221;_self&#8221; max_width_desktop=&#8221;200&#8243; column_position=&#8221;default&#8221; max_width_phone=&#8221;60&#8243; gradient_direction=&#8221;top_to_bottom&#8221; overlay_strength=&#8221;0.3&#8243; width=&#8221;1\/5&#8243; tablet_width_inherit=&#8221;default&#8221; animation_type=&#8221;default&#8221; bg_image_animation=&#8221;none&#8221; border_type=&#8221;simple&#8221; column_border_width=&#8221;none&#8221; column_border_style=&#8221;solid&#8221; column_padding_type=&#8221;default&#8221; gradient_type=&#8221;default&#8221; column_link=&#8221;\/?page_id=164&#8243;][vc_raw_html]JTNDYSUyMGNsYXNzJTNEJTIyZmxleCUyMGl0ZW1zLWNlbnRlciUyMHB4LTQlMjBtZCUzQXB4LTglMjBjdXJzb3ItcG9pbnRlciUyMHB5LTMlMjBzbSUzQXB5LTQlMjB0ZXh0LXhzJTIwbWQlM0F0ZXh0LXNtJTIwdHJhbnNpdGlvbi1jb2xvcnMlMjByb3VuZGVkLWxnJTIwJTIwaG92ZXIlM0F0ZXh0LWdyYXktOTAwJTIyJTIwaHJlZiUzRCUyMiUyRiUzRnBhZ2VfaWQlM0QxNjQlMjIlM0UlM0NzdmclMjB4bWxucyUzRCUyMmh0dHAlM0ElMkYlMkZ3d3cudzMub3JnJTJGMjAwMCUyRnN2ZyUyMiUyMHdpZHRoJTNEJTIyMjQlMjIlMjBoZWlnaHQlM0QlMjIyNCUyMiUyMHZpZXdCb3glM0QlMjIwJTIwMCUyMDI0JTIwMjQlMjIlMjBmaWxsJTNEJTIybm9uZSUyMiUyMHN0cm9rZSUzRCUyMmN1cnJlbnRDb2xvciUyMiUyMHN0cm9rZS13aWR0aCUzRCUyMjIlMjIlMjBzdHJva2UtbGluZWNhcCUzRCUyMnJvdW5kJTIyJTIwc3Ryb2tlLWxpbmVqb2luJTNEJTIycm91bmQlMjIlMjBjbGFzcyUzRCUyMmx1Y2lkZSUyMGx1Y2lkZS1maWxlLXRleHQlMjB0ZXh0LWJsYWNrJTIwdy00JTIwaC00JTIwbXItMiUyMiUyMGFyaWEtaGlkZGVuJTNEJTIydHJ1ZSUyMiUzRSUzQ3BhdGglMjBkJTNEJTIyTTYlMjAyMmEyJTIwMiUyMDAlMjAwJTIwMS0yLTJWNGEyJTIwMiUyMDAlMjAwJTIwMSUyMDItMmg4YTIuNCUyMDIuNCUyMDAlMjAwJTIwMSUyMDEuNzA0LjcwNmwzLjU4OCUyMDMuNTg4QTIuNCUyMDIuNCUyMDAlMjAwJTIwMSUyMDIwJTIwOHYxMmEyJTIwMiUyMDAlMjAwJTIwMS0yJTIwMnolMjIlM0UlM0MlMkZwYXRoJTNFJTNDcGF0aCUyMGQlM0QlMjJNMTQlMjAydjVhMSUyMDElMjAwJTIwMCUyMDAlMjAxJTIwMWg1JTIyJTNFJTNDJTJGcGF0aCUzRSUzQ3BhdGglMjBkJTNEJTIyTTEwJTIwOUg4JTIyJTNFJTNDJTJGcGF0aCUzRSUzQ3BhdGglMjBkJTNEJTIyTTE2JTIwMTNIOCUyMiUzRSUzQyUyRnBhdGglM0UlM0NwYXRoJTIwZCUzRCUyMk0xNiUyMDE3SDglMjIlM0UlM0MlMkZwYXRoJTNFJTNDJTJGc3ZnJTNFUmVndWxhbWluJTNDJTJGYSUzRQ==[\/vc_raw_html][\/vc_column][vc_column column_padding=&#8221;no-extra-padding&#8221; column_padding_tablet=&#8221;inherit&#8221; column_padding_phone=&#8221;inherit&#8221; column_padding_position=&#8221;top&#8221; left_margin_phone=&#8221;20&#8243; column_element_direction_desktop=&#8221;horizontal&#8221; column_element_direction_tablet=&#8221;horizontal&#8221; column_element_direction_phone=&#8221;horizontal&#8221; column_element_alignment=&#8221;flex-start&#8221; column_element_spacing=&#8221;10px&#8221; centered_text=&#8221;true&#8221; desktop_text_alignment=&#8221;center&#8221; tablet_text_alignment=&#8221;center&#8221; phone_text_alignment=&#8221;center&#8221; background_color_opacity=&#8221;0.1&#8243; background_color_hover=&#8221;#5362d6&#8243; background_hover_color_opacity=&#8221;0.5&#8243; column_backdrop_filter=&#8221;none&#8221; column_shadow=&#8221;none&#8221; column_border_radius=&#8221;15px&#8221; column_link_target=&#8221;_self&#8221; max_width_desktop=&#8221;200&#8243; column_position=&#8221;default&#8221; max_width_phone=&#8221;60&#8243; gradient_direction=&#8221;top_to_bottom&#8221; overlay_strength=&#8221;0.3&#8243; width=&#8221;1\/5&#8243; tablet_width_inherit=&#8221;default&#8221; animation_type=&#8221;default&#8221; bg_image_animation=&#8221;none&#8221; border_type=&#8221;simple&#8221; column_border_width=&#8221;none&#8221; column_border_style=&#8221;solid&#8221; column_padding_type=&#8221;default&#8221; gradient_type=&#8221;default&#8221;][vc_raw_html]JTNDYSUyMGNsYXNzJTNEJTIyZmxleCUyMGl0ZW1zLWNlbnRlciUyMHB4LTQlMjBtZCUzQXB4LTglMjBjdXJzb3ItcG9pbnRlciUyMHB5LTMlMjBzbSUzQXB5LTQlMjB0ZXh0LXhzJTIwbWQlM0F0ZXh0LXNtJTIwdHJhbnNpdGlvbi1jb2xvcnMlMjByb3VuZGVkLWxnJTIwJTIwaG92ZXIlM0F0ZXh0LWdyYXktOTAwJTIyJTIwaHJlZiUzRCUyMiUyRiUzRnBhZ2VfaWQlM0QxNzgwJTIyJTNFJTNDc3ZnJTIweG1sbnMlM0QlMjJodHRwJTNBJTJGJTJGd3d3LnczLm9yZyUyRjIwMDAlMkZzdmclMjIlMjB3aWR0aCUzRCUyMjI0JTIyJTIwaGVpZ2h0JTNEJTIyMjQlMjIlMjB2aWV3Qm94JTNEJTIyMCUyMDAlMjAyNCUyMDI0JTIyJTIwZmlsbCUzRCUyMm5vbmUlMjIlMjBzdHJva2UlM0QlMjJjdXJyZW50Q29sb3IlMjIlMjBzdHJva2Utd2lkdGglM0QlMjIyJTIyJTIwc3Ryb2tlLWxpbmVjYXAlM0QlMjJyb3VuZCUyMiUyMHN0cm9rZS1saW5lam9pbiUzRCUyMnJvdW5kJTIyJTIwY2xhc3MlM0QlMjJsdWNpZGUlMjBsdWNpZGUtdHJ1Y2slMjB0ZXh0LWJsYWNrJTIwdy00JTIwaC00JTIwbXItMiUyMiUyMGFyaWEtaGlkZGVuJTNEJTIydHJ1ZSUyMiUzRSUzQ3BhdGglMjBkJTNEJTIyTTE0JTIwMThWNmEyJTIwMiUyMDAlMjAwJTIwMC0yLTJINGEyJTIwMiUyMDAlMjAwJTIwMC0yJTIwMnYxMWExJTIwMSUyMDAlMjAwJTIwMCUyMDElMjAxaDIlMjIlM0UlM0MlMkZwYXRoJTNFJTNDcGF0aCUyMGQlM0QlMjJNMTUlMjAxOEg5JTIyJTNFJTNDJTJGcGF0aCUzRSUzQ3BhdGglMjBkJTNEJTIyTTE5JTIwMThoMmExJTIwMSUyMDAlMjAwJTIwMCUyMDEtMXYtMy42NWExJTIwMSUyMDAlMjAwJTIwMC0uMjItLjYyNGwtMy40OC00LjM1QTElMjAxJTIwMCUyMDAlMjAwJTIwMTcuNTIlMjA4SDE0JTIyJTNFJTNDJTJGcGF0aCUzRSUzQ2NpcmNsZSUyMGN4JTNEJTIyMTclMjIlMjBjeSUzRCUyMjE4JTIyJTIwciUzRCUyMjIlMjIlM0UlM0MlMkZjaXJjbGUlM0UlM0NjaXJjbGUlMjBjeCUzRCUyMjclMjIlMjBjeSUzRCUyMjE4JTIyJTIwciUzRCUyMjIlMjIlM0UlM0MlMkZjaXJjbGUlM0UlM0MlMkZzdmclM0VEb3N0YXdhJTNDJTJGYSUzRQ==[\/vc_raw_html][\/vc_column][vc_column column_padding=&#8221;no-extra-padding&#8221; column_padding_tablet=&#8221;inherit&#8221; column_padding_phone=&#8221;inherit&#8221; column_padding_position=&#8221;top&#8221; left_margin_phone=&#8221;15&#8243; column_element_direction_desktop=&#8221;horizontal&#8221; column_element_direction_tablet=&#8221;horizontal&#8221; column_element_direction_phone=&#8221;horizontal&#8221; column_element_alignment=&#8221;flex-start&#8221; column_element_spacing=&#8221;10px&#8221; centered_text=&#8221;true&#8221; desktop_text_alignment=&#8221;center&#8221; tablet_text_alignment=&#8221;center&#8221; phone_text_alignment=&#8221;center&#8221; background_color_opacity=&#8221;1&#8243; background_color_hover=&#8221;#5362d6&#8243; background_hover_color_opacity=&#8221;0.5&#8243; column_backdrop_filter=&#8221;none&#8221; column_shadow=&#8221;none&#8221; column_border_radius=&#8221;15px&#8221; column_link_target=&#8221;_self&#8221; max_width_desktop=&#8221;200&#8243; column_position=&#8221;default&#8221; max_width_phone=&#8221;60&#8243; gradient_direction=&#8221;left_to_right&#8221; overlay_strength=&#8221;0.3&#8243; width=&#8221;1\/5&#8243; tablet_width_inherit=&#8221;default&#8221; animation_type=&#8221;default&#8221; bg_image_animation=&#8221;none&#8221; border_type=&#8221;simple&#8221; column_border_width=&#8221;none&#8221; column_border_style=&#8221;solid&#8221; column_padding_type=&#8221;default&#8221; gradient_type=&#8221;default&#8221;][vc_raw_html]JTNDYSUyMGNsYXNzJTNEJTIyZmxleCUyMGl0ZW1zLWNlbnRlciUyMHB4LTQlMjBtZCUzQXB4LTglMjBjdXJzb3ItcG9pbnRlciUyMHB5LTMlMjBzbSUzQXB5LTQlMjB0ZXh0LXhzJTIwbWQlM0F0ZXh0LXNtJTIwdHJhbnNpdGlvbi1jb2xvcnMlMjByb3VuZGVkLWxnJTIwYmctYmx1ZS0zMDAlMjB0ZXh0LXdoaXRlJTIwJTIyJTIwaHJlZiUzRCUyMiUyRiUzRnBhZ2VfaWQlM0QxNzgzJTIyJTNFJTNDc3ZnJTIweG1sbnMlM0QlMjJodHRwJTNBJTJGJTJGd3d3LnczLm9yZyUyRjIwMDAlMkZzdmclMjIlMjB3aWR0aCUzRCUyMjI0JTIyJTIwaGVpZ2h0JTNEJTIyMjQlMjIlMjB2aWV3Qm94JTNEJTIyMCUyMDAlMjAyNCUyMDI0JTIyJTIwZmlsbCUzRCUyMm5vbmUlMjIlMjBzdHJva2UlM0QlMjJjdXJyZW50Q29sb3IlMjIlMjBzdHJva2Utd2lkdGglM0QlMjIyJTIyJTIwc3Ryb2tlLWxpbmVjYXAlM0QlMjJyb3VuZCUyMiUyMHN0cm9rZS1saW5lam9pbiUzRCUyMnJvdW5kJTIyJTIwY2xhc3MlM0QlMjJsdWNpZGUlMjBsdWNpZGUtY3JlZGl0LWNhcmQlMjB0ZXh0LWJsYWNrJTIwdy00JTIwaC00JTIwbXItMiUyMHRleHQtd2hpdGUlMjIlMjBhcmlhLWhpZGRlbiUzRCUyMnRydWUlMjIlM0UlM0NyZWN0JTIwd2lkdGglM0QlMjIyMCUyMiUyMGhlaWdodCUzRCUyMjE0JTIyJTIweCUzRCUyMjIlMjIlMjB5JTNEJTIyNSUyMiUyMHJ4JTNEJTIyMiUyMiUzRSUzQyUyRnJlY3QlM0UlM0NsaW5lJTIweDElM0QlMjIyJTIyJTIweDIlM0QlMjIyMiUyMiUyMHkxJTNEJTIyMTAlMjIlMjB5MiUzRCUyMjEwJTIyJTNFJTNDJTJGbGluZSUzRSUzQyUyRnN2ZyUzRVAlQzUlODJhdG5vJUM1JTlCY2klM0MlMkZhJTNF[\/vc_raw_html][\/vc_column][vc_column column_padding=&#8221;no-extra-padding&#8221; column_padding_tablet=&#8221;inherit&#8221; column_padding_phone=&#8221;inherit&#8221; column_padding_position=&#8221;top&#8221; left_margin_phone=&#8221;25&#8243; column_element_direction_desktop=&#8221;horizontal&#8221; column_element_direction_tablet=&#8221;horizontal&#8221; column_element_direction_phone=&#8221;horizontal&#8221; column_element_alignment=&#8221;flex-start&#8221; column_element_spacing=&#8221;10px&#8221; centered_text=&#8221;true&#8221; desktop_text_alignment=&#8221;center&#8221; tablet_text_alignment=&#8221;center&#8221; phone_text_alignment=&#8221;center&#8221; background_color_opacity=&#8221;1&#8243; background_color_hover=&#8221;#5362d6&#8243; background_hover_color_opacity=&#8221;0.5&#8243; column_backdrop_filter=&#8221;none&#8221; column_shadow=&#8221;none&#8221; column_border_radius=&#8221;15px&#8221; column_link_target=&#8221;_self&#8221; max_width_desktop=&#8221;200&#8243; column_position=&#8221;default&#8221; max_width_phone=&#8221;60&#8243; gradient_direction=&#8221;left_to_right&#8221; overlay_strength=&#8221;0.3&#8243; width=&#8221;1\/5&#8243; tablet_width_inherit=&#8221;default&#8221; animation_type=&#8221;default&#8221; bg_image_animation=&#8221;none&#8221; border_type=&#8221;simple&#8221; column_border_width=&#8221;none&#8221; column_border_style=&#8221;solid&#8221; column_padding_type=&#8221;default&#8221; gradient_type=&#8221;default&#8221;][vc_raw_html]JTNDYSUyMGNsYXNzJTNEJTIyZmxleCUyMGl0ZW1zLWNlbnRlciUyMHB4LTQlMjBtZCUzQXB4LTglMjBjdXJzb3ItcG9pbnRlciUyMHB5LTMlMjBzbSUzQXB5LTQlMjB0ZXh0LXhzJTIwbWQlM0F0ZXh0LXNtJTIwdHJhbnNpdGlvbi1jb2xvcnMlMjByb3VuZGVkLWxnJTIwJTIwaG92ZXIlM0F0ZXh0LWdyYXktOTAwJTIyJTIwaHJlZiUzRCUyMiUyRiUzRnBhZ2VfaWQlM0QxNzcwJTIyJTNFJTNDc3ZnJTIweG1sbnMlM0QlMjJodHRwJTNBJTJGJTJGd3d3LnczLm9yZyUyRjIwMDAlMkZzdmclMjIlMjB3aWR0aCUzRCUyMjI0JTIyJTIwaGVpZ2h0JTNEJTIyMjQlMjIlMjB2aWV3Qm94JTNEJTIyMCUyMDAlMjAyNCUyMDI0JTIyJTIwZmlsbCUzRCUyMm5vbmUlMjIlMjBzdHJva2UlM0QlMjJjdXJyZW50Q29sb3IlMjIlMjBzdHJva2Utd2lkdGglM0QlMjIyJTIyJTIwc3Ryb2tlLWxpbmVjYXAlM0QlMjJyb3VuZCUyMiUyMHN0cm9rZS1saW5lam9pbiUzRCUyMnJvdW5kJTIyJTIwY2xhc3MlM0QlMjJsdWNpZGUlMjBsdWNpZGUtc2hpZWxkLWNoZWNrJTIwdGV4dC1ibGFjayUyMHctNCUyMGgtNCUyMG1yLTIlMjIlMjBhcmlhLWhpZGRlbiUzRCUyMnRydWUlMjIlM0UlM0NwYXRoJTIwZCUzRCUyMk0yMCUyMDEzYzAlMjA1LTMuNSUyMDcuNS03LjY2JTIwOC45NWExJTIwMSUyMDAlMjAwJTIwMS0uNjctLjAxQzcuNSUyMDIwLjUlMjA0JTIwMTglMjA0JTIwMTNWNmExJTIwMSUyMDAlMjAwJTIwMSUyMDEtMWMyJTIwMCUyMDQuNS0xLjIlMjA2LjI0LTIuNzJhMS4xNyUyMDEuMTclMjAwJTIwMCUyMDElMjAxLjUyJTIwMEMxNC41MSUyMDMuODElMjAxNyUyMDUlMjAxOSUyMDVhMSUyMDElMjAwJTIwMCUyMDElMjAxJTIwMXolMjIlM0UlM0MlMkZwYXRoJTNFJTNDcGF0aCUyMGQlM0QlMjJtOSUyMDEyJTIwMiUyMDIlMjA0LTQlMjIlM0UlM0MlMkZwYXRoJTNFJTNDJTJGc3ZnJTNFUG9saXR5a2ElMjBwcnl3YXRubyVDNSU5QmNpJTNDJTJGYSUzRQ==[\/vc_raw_html][\/vc_column][\/vc_row][vc_row type=&#8221;in_container&#8221; full_screen_row_position=&#8221;middle&#8221; column_margin=&#8221;default&#8221; column_direction=&#8221;default&#8221; column_direction_tablet=&#8221;default&#8221; column_direction_phone=&#8221;default&#8221; scene_position=&#8221;center&#8221; text_color=&#8221;dark&#8221; text_align=&#8221;left&#8221; row_border_radius=&#8221;none&#8221; row_border_radius_applies=&#8221;bg&#8221; overflow=&#8221;visible&#8221; overlay_strength=&#8221;0.3&#8243; gradient_direction=&#8221;left_to_right&#8221; shape_divider_position=&#8221;bottom&#8221; bg_image_animation=&#8221;none&#8221;][vc_column column_padding=&#8221;no-extra-padding&#8221; column_padding_tablet=&#8221;inherit&#8221; column_padding_phone=&#8221;inherit&#8221; column_padding_position=&#8221;all&#8221; top_margin=&#8221;35&#8243; column_element_direction_desktop=&#8221;default&#8221; column_element_spacing=&#8221;default&#8221; desktop_text_alignment=&#8221;default&#8221; tablet_text_alignment=&#8221;default&#8221; phone_text_alignment=&#8221;default&#8221; background_color_opacity=&#8221;1&#8243; background_hover_color_opacity=&#8221;1&#8243; column_backdrop_filter=&#8221;none&#8221; column_shadow=&#8221;none&#8221; column_border_radius=&#8221;none&#8221; column_link_target=&#8221;_self&#8221; column_position=&#8221;default&#8221; gradient_direction=&#8221;left_to_right&#8221; overlay_strength=&#8221;0.3&#8243; width=&#8221;1\/1&#8243; tablet_width_inherit=&#8221;default&#8221; animation_type=&#8221;default&#8221; bg_image_animation=&#8221;none&#8221; border_type=&#8221;simple&#8221; column_border_width=&#8221;none&#8221; column_border_style=&#8221;solid&#8221; column_padding_type=&#8221;default&#8221; gradient_type=&#8221;default&#8221;][vc_column_text]\n<div class=\"py-6 flex justify-center\">\n<div class=\"prose max-w-none w-full\">\n<div class=\"document-content\">\n<h2 id=\"isPasted\"><strong style=\"font-weight: bold;\">1. Chce co\u015b kupi\u0107 i szukam informacji<\/strong><\/h2>\n<div><strong style=\"font-weight: bold;\">1.1\u00a0Jak z\u0142o\u017cy\u0107 zam\u00f3wienie?<\/strong><\/div>\n<div>Aby z\u0142o\u017cy\u0107 zam\u00f3wienie nale\u017cy zaznaczy\u0107 wariant produktu widoczny na miniaturkach obok g\u0142\u00f3wnej galerii. Nast\u0119pnie doda\u0107 produkt do koszyka, przej\u015b\u0107 do kasy i wype\u0142ni\u0107 swoje dane adresowe. P\u0142atno\u015bci mo\u017cna dokona\u0107 poprzez HotPay, BLIK lub kurierowi przy odbiorze.<\/div>\n<div><\/div>\n<div>\n<div><strong style=\"font-weight: bold;\">1.2\u00a0Jaki jest czas dostawy?<\/strong><\/div>\n<div>Czas dostawy to \u015brednio 1-2 dni robocze. Mo\u017cliwe s\u0105 jednak op\u00f3\u017anienia po stronie przewo\u017anika, dlatego maksymalny czas dostawy to 7 dni.<\/div>\n<div><\/div>\n<div><strong style=\"font-weight: bold;\">1.3\u00a0Czy dostawa zawsze jest darmowa?<\/strong><\/div>\n<div>\n<div>\n<div id=\"isPasted\">Produkty pochodz\u0105 z Polski lub od naszego Partnera spoza granic Unii Europejskiej.<\/div>\n<p>&nbsp;<\/p>\n<h4>InPost Paczkomat 24\/7 &#8211; <strong>8,99 z\u0142<\/strong><\/h4>\n<h4>InPost Kurier &#8211; <strong>11,99 z\u0142<\/strong><\/h4>\n<h4>InPost Kurier &#8211; p\u0142atno\u015b\u0107 przy odbiorze &#8211; <strong>14,99 z\u0142<\/strong><\/h4>\n<p>Przy zam\u00f3wieniach o warto\u015bci powy\u017cej 150 z\u0142 wysy\u0142ka jest <strong>ZA DARMO<\/strong><\/p>\n<div>\n<div><strong style=\"font-weight: bold;\">1.4\u00a0Sk\u0105d pochodz\u0105 produkty?<\/strong><\/div>\n<div><span dir=\"auto\" style=\"vertical-align: inherit;\"><span dir=\"auto\" style=\"vertical-align: inherit;\">Produkty pochodz\u0105 z Polski lub od naszego Partnera spoza granic Unii Europejskiej.<\/span><\/span><\/div>\n<p>&nbsp;<\/p>\n<\/div>\n<\/div>\n<\/div>\n<\/div>\n<h2><strong style=\"font-weight: bold;\">2. Z\u0142o\u017cy\u0142em zam\u00f3wienie, chce si\u0119 o nim czego\u015b dowiedzie\u0107.<\/strong><\/h2>\n<div>\n<div>\n<div><strong style=\"font-weight: bold;\">2.1\u00a0Kiedy otrzymam swoje zam\u00f3wienie?<\/strong><\/div>\n<div>Zdecydowana wi\u0119kszo\u015b\u0107 paczek dociera na miejsce w ci\u0105gu 1-2 dni roboczych. Paczki wysy\u0142amy z Polski. \u00a0Ze wzgl\u0119du na mo\u017cliwe op\u00f3\u017anienia po stronie przewo\u017anika maksymalny czas dostawy to 7 dni.<\/div>\n<div><\/div>\n<\/div>\n<\/div>\n<div>\n<div>\n<div><strong style=\"font-weight: bold;\">2.2\u00a0Op\u0142aci\u0142em zam\u00f3wienie, a dostaj\u0119 informacje o braku wp\u0142aty, dlaczego?<\/strong><\/div>\n<div>Powodem takiej sytuacji mo\u017ce by\u0107 fakt, \u017ce z\u0142o\u017cy\u0142e\u015b dwa lub wi\u0119cej takich samych zam\u00f3wie\u0144. Mo\u017cliwe jest r\u00f3wnie\u017c, \u017ce jeszcze nie zaksi\u0119gowali\u015bmy Twojej wp\u0142aty.<a style=\"-webkit-user-select: auto;\" href=\"https:\/\/gulfofdream.pl\/?page_id=1786\">\u00a0Skontaktuj si\u0119 z nami<\/a><\/div>\n<div><\/div>\n<\/div>\n<\/div>\n<div>\n<div>\n<div><strong style=\"font-weight: bold;\">2.3\u00a0Jak mam \u015bledzi\u0107 paczk\u0119?<\/strong><\/div>\n<div>Aby \u015bledzi\u0107 paczk\u0119 wejd\u017a na stron\u0119 z informacjami o zam\u00f3wieniu (link otrzyma\u0142e\u015b w wiadomo\u015bci mailowej). W sekcji Informacje znajdziesz przycisk &#8222;\u015aledzenie paczki&#8221;. Status paczki czasem przez d\u0142u\u017cszy czas mo\u017ce si\u0119 nie zmienia\u0107. Nie nale\u017cy si\u0119 tym martwi\u0107, poniewa\u017c dane aktualizuj\u0105 si\u0119 z niewielkim op\u00f3\u017anieniem. Nie mamy wp\u0142ywu na dzia\u0142anie przewo\u017anika i nie mo\u017cemy przyspieszy\u0107 dostawy lub te\u017c aktualizacji status\u00f3w.<\/div>\n<div><\/div>\n<\/div>\n<\/div>\n<div>\n<div>\n<div><strong style=\"font-weight: bold;\">2.4\u00a0Zamawia\u0142em kilka produkt\u00f3w, a otrzyma\u0142em jeden.<\/strong><\/div>\n<div>Je\u015bli zam\u00f3wi\u0142e\u015b wi\u0119cej produkt\u00f3w, to mog\u0142y zosta\u0107 wys\u0142ane osobno. Prosimy o oczekiwanie na kolejne paczki, kt\u00f3re niebawem b\u0119d\u0105 na miejscu. Je\u015bli tak si\u0119 nie wydarzy. prosimy o kontakt na maila kontakt@domena.pl lub pod numerem telefonu +48 881 171 956<\/div>\n<div><\/div>\n<\/div>\n<\/div>\n<div>\n<div>\n<div><strong style=\"font-weight: bold;\">2.5 Min\u0119\u0142y 2 dni robocze od z\u0142o\u017cenia zam\u00f3wienia, a ja wci\u0105\u017c jej nie otrzyma\u0142em paczki.<\/strong><\/div>\n<div>Maksymalny czas dostawy to 7 dni. Nie mamy wp\u0142ywu na dzia\u0142anie przewo\u017anika, dlatego prosimy Ci\u0119 o cierpliwe oczekiwanie na paczk\u0119 oraz niezw\u0142oczny kontakt z nami, je\u017celi wyznaczony czas minie.<\/div>\n<p>&nbsp;<\/p>\n<div>\n<h2><strong style=\"font-weight: bold;\">3. Otrzyma\u0142em paczk\u0119 i mam pytanie lub problem.\u00a0<\/strong><\/h2>\n<div>\n<div>\n<div><strong style=\"font-weight: bold;\">3.1 Zamawia\u0142em kilka produkt\u00f3w, a otrzyma\u0142em jeden.<\/strong><\/div>\n<div>Je\u015bli zam\u00f3wi\u0142e\u015b wi\u0119cej produkt\u00f3w, to mog\u0142y zosta\u0107 wys\u0142ane osobno. Prosimy o oczekiwanie na kolejne paczki, kt\u00f3re niebawem b\u0119d\u0105 na miejscu. Je\u015bli tak si\u0119 nie wydarzy, prosimy o kontakt na maila kontakt@domena.pl lub pod numerem telefonu +48 881 171 956<\/div>\n<div><\/div>\n<\/div>\n<\/div>\n<div>\n<div>\n<div><strong style=\"font-weight: bold;\">3.2\u00a0Chc\u0119 dokona\u0107 zwrotu produktu<\/strong><\/div>\n<div>Na dokonanie zwrotu masz 14 dni od momentu odebrania paczki. Produkty nale\u017cy odes\u0142a\u0107 w nienaruszonym stanie na paczkomat InPost WRO228m, (Wojrowicka 2,\u00a0 \u00a052-434 &#8211; Boczna \u015bciana sklepu Jomo)<strong style=\"font-weight: bold;\">\u00a0Wroc\u0142aw\u00a0<\/strong>wraz z wype\u0142nionym formularzem zwrotu. Aby uzyska\u0107 szczeg\u00f3\u0142owe informacje<a style=\"-webkit-user-select: auto;\" href=\"https:\/\/gulfofdream.pl\/?page_id=1786\">\u00a0<strong style=\"font-weight: bold;\">skontaktuj si\u0119 z nami<\/strong><\/a>.<\/div>\n<\/div>\n<\/div>\n<\/div>\n<\/div>\n<\/div>\n<\/div>\n<\/div>\n<\/div>\n[\/vc_column_text][\/vc_column][\/vc_row]\n","protected":false},"excerpt":{"rendered":"<p>[vc_row type=&#8221;full_width_background&#8221; full_screen_row_position=&#8221;middle&#8221; column_margin=&#8221;default&#8221; equal_height=&#8221;yes&#8221; column_direction=&#8221;default&#8221; column_direction_tablet=&#8221;default&#8221; column_direction_phone=&#8221;default&#8221; scene_position=&#8221;center&#8221; top_padding=&#8221;7&#8243; bottom_padding=&#8221;14&#8243; left_padding_desktop=&#8221;450&#8243; constrain_group_2=&#8221;yes&#8221; right_padding_desktop=&#8221;450&#8243; left_padding_tablet=&#8221;0&#8243; right_padding_tablet=&#8221;0&#8243; left_padding_phone=&#8221;0&#8243; constrain_group_6=&#8221;yes&#8221; right_padding_phone=&#8221;0&#8243; constrain_group_8=&#8221;yes&#8221; top_margin_phone=&#8221;4&#8243; text_color=&#8221;dark&#8221; text_align=&#8221;center&#8221; row_border_radius=&#8221;none&#8221; row_border_radius_applies=&#8221;bg&#8221; overflow=&#8221;visible&#8221; class=&#8221;gofd-footer-menu&#8221; enable_gradient=&#8221;true&#8221; color_overlay=&#8221;#ffffff&#8221; color_overlay_2=&#8221;#5362d6&#8243;&#8230;<\/p>\n","protected":false},"author":1,"featured_media":0,"parent":0,"menu_order":0,"comment_status":"closed","ping_status":"closed","template":"","meta":{"footnotes":""},"class_list":["post-1809","page","type-page","status-publish"],"jetpack_sharing_enabled":true,"_links":{"self":[{"href":"http:\/\/gulfofdream.pl\/index.php?rest_route=\/wp\/v2\/pages\/1809","targetHints":{"allow":["GET"]}}],"collection":[{"href":"http:\/\/gulfofdream.pl\/index.php?rest_route=\/wp\/v2\/pages"}],"about":[{"href":"http:\/\/gulfofdream.pl\/index.php?rest_route=\/wp\/v2\/types\/page"}],"author":[{"embeddable":true,"href":"http:\/\/gulfofdream.pl\/index.php?rest_route=\/wp\/v2\/users\/1"}],"replies":[{"embeddable":true,"href":"http:\/\/gulfofdream.pl\/index.php?rest_route=%2Fwp%2Fv2%2Fcomments&post=1809"}],"version-history":[{"count":79,"href":"http:\/\/gulfofdream.pl\/index.php?rest_route=\/wp\/v2\/pages\/1809\/revisions"}],"predecessor-version":[{"id":2653,"href":"http:\/\/gulfofdream.pl\/index.php?rest_route=\/wp\/v2\/pages\/1809\/revisions\/2653"}],"wp:attachment":[{"href":"http:\/\/gulfofdream.pl\/index.php?rest_route=%2Fwp%2Fv2%2Fmedia&parent=1809"}],"curies":[{"name":"wp","href":"https:\/\/api.w.org\/{rel}","templated":true}]}}